ided by 2807?
101
Calculate the remainder when 5 is divided by 4.
1
Calculate the remainder when 880 is divided by 222.
214
What is the remainder when 73935 is divided by 32?
15
Calculate the remainder when 4728 is divided by 611.
451
Calculate the remainder when 54377 is divided by 4181.
24
Calculate the remainder when 24401 is divided by 1871.
78
Calculate the remainder when 13252 is divided by 169.
70
What is the remainder when 271219 is divided by 416?
403
Calculate the remainder when 10218 is divided by 856.
802
Calculate the remainder when 218 is divided by 79.
60
Calculate the remainder when 54369 is divided by 3198.
3
Calculate the remainder when 48121 is divided by 1070.
1041
What is the remainder when 35124 is divided by 228?
12
What is the remainder when 30293 is divided by 49?
11
Calculate the remainder when 44237 is divided by 384.
77
What is the remainder when 6725 is divided by 51?
44
What is the remainder when 18969 is divided by 6276?
141
What is the remainder when 294428 is divided by 147167?
94
Calculate the remainder when 702081 is divided by 149.
142
Calculate the remainder when 2488241 is divided by 242.
239
What is the remainder when 108512 is divided by 11?
8
What is the remainder when 35172 is divided by 35151?
21
Calculate the remainder when 487483 is divided by 183.
154
Calculate the remainder when 75381 is divided by 201.
6
What is the remainder when 657443 is divided by 682?
677
Calculate the remainder when 36351 is divided by 625.
101
Calculate the remainder when 84724 is divided by 42361.
2
What is the remainder when 21635 is divided by 421?
164
Calculate the remainder when 165036 is divided by 23567.
67
Calculate the remainder when 1694 is divided by 111.
29
What is the remainder when 1824217 is divided by 9?
7
What is the remainder when 8075 is divided by 165?
155
What is the remainder when 3727 is divided by 927?
19
What is the remainder when 12373 is divided by 142?
19
What is the remainder when 10179 is divided by 3356?
111
What is the remainder when 55095 is divided by 2203?
20
What is the remainder when 2216518 is divided by 1179?
1177
What is the remainder when 8126 is divided by 508?
506
Calculate the remainder when 155514 is divided by 42.
30
What is the remainder when 6500 is divided by 3249?
2
Calculate the remainder when 1491916 is divided by 170.
166
Calculate the remainder when 9467 is divided by 90.
17
What is the remainder when 23308 is divided by 507?
493
What is the remainder when 511 is divided by 478?
33
Calculate the remainder when 56266 is divided by 107.
91
Calculate the remainder when 70562 is divided by 118.
116
What is the remainder when 7779594 is divided by 36?
30
Calculate the remainder when 23213 is divided by 175.
113
What is the remainder when 16766 is divided by 336?
302
Calculate the remainder when 2525 is divided by 1166.
193
Calculate the remainder when 4619 is divided by 65.
4
Calculate the remainder when 27407 is divided by 13573.
261
Calculate the remainder when 73511 is divided by 260.
191
What is the remainder when 112156 is divided by 284?
260
Calculate the remainder when 250 is divided by 34.
12
What is the remainder when 2635 is divided by 165?
160
Calculate the remainder when 27415 is divided by 5482.
5
Calculate the remainder when 27512 is divided by 27483.
29
Calculate the remainder when 5329 is divided by 314.
305
What is the remainder when 128341 is divided by 61?
58
Calculate the remainder when 1550 is divided by 342.
182
What is the remainder when 7516 is divided by 2484?
64
What is the remainder when 15323 is divided by 15199?
124
What is the remainder when 339373 is divided by 16?
13
What is the remainder when 94339 is divided by 51?
40
What is the remainder when 14177 is divided by 2540?
1477
What is the remainder when 6914 is divided by 32?
2
What is the remainder when 103309 is divided by 45?
34
Calculate the remainder when 56098 is divided by 100.
98
Calculate the remainder when 16866 is divided by 281.
6
What is the remainder when 105370 is divided by 12?
10
What is the remainder when 320756 is divided by 54?
50
Calculate the remainder when 247121 is divided by 243.
233
What is the remainder when 26935 is divided by 1283?
1275
What is the remainder when 20942 is divided by 910?
12
Calculate the remainder when 413915 is divided by 160.
155
Calculate the remainder when 216837 is divided by 92.
85
Calculate the remainder when 167310 is divided by 8.
6
What is the remainder when 3771 is divided by 76?
47
Calculate the remainder when 16985 is divided by 21.
17
What is the remainder when 929662 is divided by 283?
7
Calculate the remainder when 15633 is divided by 32.
17
Calculate the remainder when 5443 is divided by 2699.
45
What is the remainder when 18249 is divided by 365?
364
Calculate the remainder when 56494 is divided by 387.
379
Calculate the remainder when 108371 is divided by 118.
47
Calculate the remainder when 5731 is divided by 1906.
13
What is the remainder when 70128 is divided by 7788?
36
What is the remainder when 855 is divided by 549?
306
Calculate the remainder when 503296 is divided by 672.
640
What is the remainder when 1318 is divided by 237?
133
Calculate the remainder when 76198 is divided by 25397.
7
Calculate the remainder when 1648923 is divided by 25.
23
Calculate the remainder when 24091 is divided by 6022.
3
What is the remainder when 421806 is divided by 41?
39
Calculate the remainder when 7219 is divided by 3599.
21
What is the remainder when 26565 is divided by 670?
435
What is the remainder when 3677 is divided by 606?
41
Calculate the remainder when 11823 is divided by 137.
41
Calculate the remainder when 2558770 is divided by 529.
526
What is the remainder when 1634 is divided by 104?
74
Calculate the remainder when 1005 is divided by 54.
33
Calculate the remainder when 1278 is divided by 334.
276
What is the remainder when 133912 is divided by 16733?
48
Calculate the remainder when 4680 is divided by 3449.
1231
Calculate the remainder when 9505 is divided by 1356.
13
Calculate the remainder when 10107 is divided by 133.
132
Calculate the remainder when 21824 is divided by 185.
179
What is the remainder when 712 is divided by 270?
172
Calculate the remainder when 31267 is divided by 665.
12
What is the remainder when 15469 is divided by 2576?
13
Calculate the remainder when 6097 is divided by 244.
241
Calculate the remainder when 76107 is divided by 268.
263
What is the remainder when 20375 is divided by 18?
17
Calculate the remainder when 79140 is divided by 11302.
26
Calculate the remainder when 74676 is divided by 73.
70
Calculate the remainder when 534 is divided by 136.
126
Calculate the remainder when 3827 is divided by 313.
71
What is the remainder when 81371 is divided by 217?
213
Calculate the remainder when 14881 is divided by 150.
31
Calculate the remainder when 2322 is divided by 635.
417
What is the remainder when 144618 is divided by 29?
24
What is the remainder when 10750 is divided by 5103?
544
What is the remainder when 68707 is divided by 521?
456
What is the remainder when 7875 is divided by 7869?
6
What is the remainder when 1608914 is divided by 964?
962
Calculate the remainder when 34102 is divided by 3786.
28
What is the remainder when 181995 is divided by 526?
525
What is the remainder when 224133 is divided by 24?
21
Calculate the remainder when 9446 is divided by 786.
14
Calculate the remainder when 14307 is divided by 348.
39
Calculate the remainder when 271747 is divided by 134.
129
What is the remainder when 7030 is divided by 161?
107
Calculate the remainder when 17926 is divided by 90.
16
Calculate the remainder when 17057 is divided by 26.
1
Calculate the remainder when 8448 is divided by 607.
557
What is the remainder when 4928 is divided by 1212?
80
What is the remainder when 2189 is divided by 104?
5
Calculate the remainder when 1003440 is divided by 27120.
0
Calculate the remainder when 22612 is divided by 58.
50
What is the remainder when 13431 is divided by 419?
23
What is the remainder when 13699 is divided by 6834?
31
What is the remainder when 9065 is divided by 9064?
1
Calculate the remainder when 1085661 is divided by 8.
5
What is the remainder when 48600 is divided by 38?
36
